47103 - -1063?
-46020
In base 5, what is -22340341 - -3343?
-22331443
In base 2, what is 11011001110010 + -10001011101111111?
-1110000100001101
In base 6, what is -22 - -1305124045?
1305124023
In base 7, what is -263200124 - -3?
-263200121
In base 13, what is -48bc6 - 194?
-4908a
In base 3, what is -101201100022010 + 100?
-101201100021210
In base 3, what is -11 + 2000002002120100?
2000002002120012
In base 2, what is 10100110011001101111010100 + 101?
10100110011001101111011001
In base 7, what is -2 - 5124532405?
-5124532410
In base 7, what is -10523165 - 3?
-10523201
In base 5, what is -1143 - -1303430?
1302232
In base 15, what is -1d + -11abaa9?
-11abac7
In base 16, what is 417c8c2 - -5?
417c8c7
In base 7, what is -6161045221 - -1?
-6161045220
In base 4, what is 1313 + -22223311220?
-22223303301
In base 11, what is -7 - 11728557?
-11728563
In base 2, what is -1001011110100011111 - 10011110?
-1001011110110111101
In base 13, what is -aa9 - 865?
-1641
In base 10, what is -135 + 13538?
13403
In base 13, what is a71 - 1386?
-615
In base 14, what is -3c7 - 5a07?
-5dd0
In base 14, what is 70a72 + 32?
70aa4
In base 5, what is -12042003141 - 0?
-12042003141
In base 3, what is 10 + -1201020210112?
-1201020210102
In base 8, what is 2452640647 + -1?
2452640646
In base 16, what is -2854060 - -2?
-285405e
In base 13, what is -427b67 + 13?
-427b54
In base 12, what is -5434 - 1050?
-6484
In base 4, what is 23131 - 20031233?
-20002102
In base 3, what is -10110111220100100 + -102?
-10110111220100202
In base 5, what is -42120113 + 30442?
-42034121
In base 7, what is -25140 - -1625?
-23212
In base 11, what is -10a6174 + -13?
-10a6187
In base 15, what is 10d + -7d4c4?
-7d3b6
In base 9, what is 8 + 62485?
62504
In base 8, what is -706111 - 1345?
-707456
In base 16, what is 39f - 15875?
-154d6
In base 4, what is 3203201013 + 32?
3203201111
In base 11, what is -29165 + 72?
-290a3
In base 3, what is -220002110000 - 220?
-220002110220
In base 10, what is 1652 + -20138?
-18486
In base 7, what is -36540541414 + 4?
-36540541410
In base 10, what is 5854657 - -11?
5854668
In base 16, what is -118abe3 + -2?
-118abe5
In base 15, what is -72027 - -32?
-71ee5
In base 7, what is -21224110 + 1?
-21224106
In base 12, what is 21a88a - -35?
21a903
In base 8, what is 11211 + 110410?
121621
In base 14, what is 2 + 128b278?
128b27a
In base 10, what is -1118157 + -5?
-1118162
In base 7, what is -65631 - -151534?
52603
In base 12, what is 0 + -239a4?
-239a4
In base 6, what is -1134 - -2321113?
2315535
In base 13, what is 118bcc + -9?
118bc3
In base 2, what is 111001 + 10000001110010101?
10000001111001110
In base 6, what is -34 - 3443132413?
-3443132451
In base 8, what is 1 - 102242325?
-102242324
In base 4, what is -11 + -33122320303?
-33122320320
In base 12, what is -1 - 44002752?
-44002753
In base 16, what is ab33e + 0?
ab33e
In base 7, what is -35304 + 2132?
-33142
In base 3, what is -12 - -111102000202222?
111102000202210
In base 15, what is 22 - -9680?
96a2
In base 13, what is -1559 + ca?
-145c
In base 5, what is 10104412 - 2134?
10102223
In base 11, what is -4a13346 + -3?
-4a13349
In base 15, what is -6bc7 - -e3d?
-5c89
In base 2, what is 1011000001000101110000110 - 101?
1011000001000101110000001
In base 3, what is 20 - -10221022011220121?
10221022011220211
In base 8, what is 22056 + -34120?
-12042
In base 14, what is 1 + -71133d?
-71133c
In base 5, what is -13 - -144431230?
144431212
In base 9, what is 5 + 14303555?
14303561
In base 3, what is -101 - -212020211222220?
212020211222112
In base 11, what is a062629 + 2?
a062630
In base 6, what is -3141 - 11005?
-14150
In base 12, what is -b9b7b7 - 235?
-b9ba30
In base 13, what is -5 + 1044aa24?
1044aa1c
In base 13, what is -297c + b71b?
8a6c
In base 4, what is 103001 - 3033213130?
-3033110123
In base 10, what is 2 - -257095375?
257095377
In base 14, what is -493 + 548a?
4dd7
In base 14, what is 6a + -5527?
-549b
In base 8, what is 2766734 - 520?
2766214
In base 10, what is -16495 - 6299?
-22794
In base 5, what is -12 - 1124324013?
-1124324030
In base 4, what is 0 - -2322220221220?
2322220221220
In base 10, what is -332785028 + 5?
-332785023
In base 9, what is -5 + 216626363?
216626357
In base 10, what is 927 + 244?
1171
In base 5, what is -2123 - -134022?
131344
In base 8, what is 510452 - 524?
507726
In base 12, what is 14a583057 - -2?
14a583059
In base 6, what is -3121514 - -334?
-3121140
In base 15, what is -ab + -97a55?
-97b11
In base 2, what is -100 - -1000001110010111000?
1000001110010110100
In base 4, what is -1 + 1133302131?
1133302130
In base 3, what is -1010021 + -120001021?
-121011112
In base 7, what is 13 - -3306044?
3306060
In base 6, what is -111 - -312250541?
312250430
In base 7, what is 362110153 + -4?
362110146
In base 3, what is -2202 + 22011112001221?
22011111222012
In base 10, what is 1 + 41186550?
41186551
In base 13, what is -251cb60 + -3?
-251cb63
In base 7, what is 34520 - -25411?
63231
In base 13, what is 11a3045 + -44?
11a3001
In base 10, what is 6076 + -893?
5183
In base 10, what is 281667 - -33?
281700
In base 3, what is 20110221212 - 11?
20110221201
In base 12, what is 91b362a5 + -5?
91b362a0
In base 3, what is 100012220021 + -11?
100012220010
In base 6, what is -2 + -205135101?
-205135103
In base 2, what is -1100011111111101100 + -100111011?
-1100100000100100111
In base 13, what is 440 - 40c?
31
In base 3, what is -11 - -122012221200?
122012221112
In base 10, what is 249000400 + 3?
249000403
In base 5, what is -3041213004 + -1?
-3041213010
In base 6, what is 520304 + -40?
520224
In base 4, what is 113103213312 + -3?
113103213303
In base 15, what is -168147c1 + -4?
-168147c5
In base 13, what is -15 + 5a0c30?
5a0c18
In base 5, what is 21122114 - -341?
21123010
In base 2, what is -11000110010000 + 1001111000?
-10111100011000
In base 12, what is -11 + 559b32?
559b21
In base 5, what is -43002143 + 3?
-43002140
In base 11, what is -12086a42 + 7?
-12086a36
In base 9, what is -2 - -4542042?
4542040
In base 5, what is -1141 + -2311120?
-2312311
In base 11, what is 5709427 + 1a?
5709446
In base 3, what is 1000221002 + 120010?
1001111012
In base 8, what is 260 + 1542162?
1542442
In base 5, what is 3302 - -1432241?
1441043
In base 8, what is 3542661015 - 2?
3542661013
In base 11, what is -4821a0a7 + 4?
-4821a0a3
In base 14, what is 111227 - -299?
1114c2
In base 2, what is 100 - -1100001111100010011110100101?
1100001111100010011110101001
In base 4, what is -1233 - -20031301?
20030002
In base 3, what is -100002 + 12110001222210?
12110001122201
In base 2, what is 10 - -10101100111011011110010111111?
10101100111011011110011000001
In base 8, what is -401750364 + -4?
-401750370
In base 3, what is -1212100122010 - -11?
-1212100121222
In base 2, what is 1 + 1010010000100001010001?
1010010000100001010010
In base 11, what is -2 - -105624267?
105624265
In base 3, what is 220120100010001 - -2?
220120100010010
In base 11, what is 3 + -5838583?
-5838580
In base 11, what is 4313 - 9816?
-5503
In base 6, what is -5141121 - -1230?
-5135451
In base 6, what is -10352223 + -42?
-10352305
In base 7, what is 11 + 20200152?
20200163
In base 2, what is 11000 - -1000101011100100100101110?
1000101011100100101000110
In base 4, what is -3232 + 1030330?
1021032
In base 6, what is -3201122 + 54?
-3201024
In base 11, what is -95 + -243259?
-243343
In base 5, what is 31412000432 - -4?
31412000441
In base 4, what is -11 + -20022221011?
-20022221022
In base 11, what is 0 - 60720619?
-60720619
In base 15, what is 327 - -a719?
aa41
In base 16, what is 39d + -10895?
-104f8
In base 4, what is 1022 - -210013222?
210020310
In base 14, what is -2 - -175ac65?
175ac63
In base 6, what is 4 + 1252504343?
1252504351
In base 9, what is 73 - -14612073?
14612156
In base 2, what is 1101000110110001000 + -1000001001?
1101000101101111111
In base 13, what is 6041270 + 5?
6041275
In base 15, what is 10edc + 450?
1143c
In base 12, what is 145 + 102007?
102150
In base 3, what is -2120000111121 - 11?
-2120000111202
In base 16, what is -3 + 1ccaa5?
1ccaa2
In base 7, what is 10600 + -102100?
-61200
In base 8, what is 177 - 32063?
-31664
In base 13, what is -28c6336 + 4?
-28c6332
In base 2, what is -111011011101001101 + -10000?
-111011011101011101
In base 15, what is 32e